{"id":517,"date":"2024-07-28T09:35:53","date_gmt":"2024-07-28T08:35:53","guid":{"rendered":"https:\/\/mit-ing.eu\/?page_id=517"},"modified":"2024-07-28T10:32:24","modified_gmt":"2024-07-28T09:32:24","slug":"kontakt","status":"publish","type":"page","link":"https:\/\/mit-ing.eu\/?page_id=517","title":{"rendered":"Kontakt MiT-ING"},"content":{"rendered":"<div class=\"wpforms-container wpforms-container-full wpforms-block wpforms-block-8668c99a-8395-4e84-b2c0-97dce8ac7c7f wpforms-render-modern\" id=\"wpforms-499\"><form id=\"wpforms-form-499\" class=\"wpforms-validate wpforms-form wpforms-ajax-form\" data-formid=\"499\" method=\"post\" enctype=\"multipart\/form-data\" action=\"\/index.php?rest_route=%2Fwp%2Fv2%2Fpages%2F517\" data-token=\"b0e1e497ba38ea0d4b5ed8e6ce5629b7\" data-token-time=\"1775827499\"><noscript class=\"wpforms-error-noscript\">Bitte aktiviere JavaScript in deinem Browser, um dieses Formular fertigzustellen.<\/noscript><div id=\"wpforms-error-noscript\" style=\"display: none;\">Bitte aktiviere JavaScript in deinem Browser, um dieses Formular fertigzustellen.<\/div><div class=\"wpforms-field-container\"><div id=\"wpforms-499-field_0-container\" class=\"wpforms-field wpforms-field-name\" data-field-id=\"0\"><fieldset><legend class=\"wpforms-field-label\">Name <span class=\"wpforms-required-label\" aria-hidden=\"true\">*<\/span><\/legend><div class=\"wpforms-field-row wpforms-field-medium\"><div class=\"wpforms-field-row-block wpforms-first wpforms-one-half\"><input type=\"text\" id=\"wpforms-499-field_0\" class=\"wpforms-field-name-first wpforms-field-required\" name=\"wpforms[fields][0][first]\" aria-errormessage=\"wpforms-499-field_0-error\" required><label for=\"wpforms-499-field_0\" class=\"wpforms-field-sublabel after\">Vorname<\/label><\/div><div class=\"wpforms-field-row-block wpforms-one-half\"><input type=\"text\" id=\"wpforms-499-field_0-last\" class=\"wpforms-field-name-last wpforms-field-required\" name=\"wpforms[fields][0][last]\" aria-errormessage=\"wpforms-499-field_0-last-error\" required><label for=\"wpforms-499-field_0-last\" class=\"wpforms-field-sublabel after\">Nachname<\/label><\/div><\/div><\/fieldset><\/div><div id=\"wpforms-499-field_1-container\" class=\"wpforms-field wpforms-field-email\" data-field-id=\"1\"><label class=\"wpforms-field-label\" for=\"wpforms-499-field_1\">E-Mail-Adresse <span class=\"wpforms-required-label\" aria-hidden=\"true\">*<\/span><\/label><input type=\"email\" id=\"wpforms-499-field_1\" class=\"wpforms-field-medium wpforms-field-required\" name=\"wpforms[fields][1]\" spellcheck=\"false\" aria-errormessage=\"wpforms-499-field_1-error\" required><\/div><div id=\"wpforms-499-field_9-container\" class=\"wpforms-field wpforms-field-select wpforms-field-select-style-classic\" data-field-id=\"9\"><label class=\"wpforms-field-label\" for=\"wpforms-499-field_9\">Bundesland Bauort<\/label><select id=\"wpforms-499-field_9\" class=\"wpforms-field-medium\" name=\"wpforms[fields][9]\"><option value=\"Baden-W\u00fcrttemberg\"  class=\"choice-1 depth-1\"  >Baden-W\u00fcrttemberg<\/option><option value=\"Bayern\"  class=\"choice-2 depth-1\"  >Bayern<\/option><option value=\"Berlin\"  class=\"choice-3 depth-1\"  >Berlin<\/option><option value=\"Brandenburg\"  class=\"choice-6 depth-1\"  >Brandenburg<\/option><option value=\"Bremen\"  class=\"choice-7 depth-1\"  >Bremen<\/option><option value=\"Hamburg\"  class=\"choice-8 depth-1\"  >Hamburg<\/option><option value=\"Hessen\"  class=\"choice-9 depth-1\"  >Hessen<\/option><option value=\"Mecklenburg-Vorpommern\"  class=\"choice-10 depth-1\"  >Mecklenburg-Vorpommern<\/option><option value=\"Niedersachsen\"  class=\"choice-11 depth-1\"  >Niedersachsen<\/option><option value=\"Nordrhein-Westfalen\"  class=\"choice-12 depth-1\"  >Nordrhein-Westfalen<\/option><option value=\"Rheinland-Pfalz\"  class=\"choice-13 depth-1\"  >Rheinland-Pfalz<\/option><option value=\"Saarland\"  class=\"choice-14 depth-1\"  >Saarland<\/option><option value=\"Sachsen\"  class=\"choice-15 depth-1\"  >Sachsen<\/option><option value=\"Sachsen-Anhalt\"  class=\"choice-16 depth-1\"  >Sachsen-Anhalt<\/option><option value=\"Schleswig-Holstein\"  class=\"choice-17 depth-1\"  >Schleswig-Holstein<\/option><option value=\"Th\u00fcringen\"  class=\"choice-18 depth-1\"  >Th\u00fcringen<\/option><\/select><\/div><div id=\"wpforms-499-field_10-container\" class=\"wpforms-field wpforms-field-checkbox wpforms-list-inline\" data-field-id=\"10\"><fieldset><legend class=\"wpforms-field-label\">Anfrage Dienstleistung (Mehrfachauswahl m\u00f6gl.)<\/legend><ul id=\"wpforms-499-field_10\"><li class=\"choice-1 depth-1\"><input type=\"checkbox\" id=\"wpforms-499-field_10_1\" name=\"wpforms[fields][10][]\" value=\"Anfrage Tragwerksplanung (Statik)\" aria-errormessage=\"wpforms-499-field_10_1-error\"  ><label class=\"wpforms-field-label-inline\" for=\"wpforms-499-field_10_1\">Anfrage Tragwerksplanung (Statik)<\/label><\/li><li class=\"choice-2 depth-1\"><input type=\"checkbox\" id=\"wpforms-499-field_10_2\" name=\"wpforms[fields][10][]\" value=\"Anfrage Bauantrag\" aria-errormessage=\"wpforms-499-field_10_2-error\"  ><label class=\"wpforms-field-label-inline\" for=\"wpforms-499-field_10_2\">Anfrage Bauantrag<\/label><\/li><li class=\"choice-3 depth-1\"><input type=\"checkbox\" id=\"wpforms-499-field_10_3\" name=\"wpforms[fields][10][]\" value=\"Anfrage Bauleitung\" aria-errormessage=\"wpforms-499-field_10_3-error\"  ><label class=\"wpforms-field-label-inline\" for=\"wpforms-499-field_10_3\">Anfrage Bauleitung<\/label><\/li><li class=\"choice-4 depth-1\"><input type=\"checkbox\" id=\"wpforms-499-field_10_4\" name=\"wpforms[fields][10][]\" value=\"Sonstiges\" aria-errormessage=\"wpforms-499-field_10_4-error\"  ><label class=\"wpforms-field-label-inline\" for=\"wpforms-499-field_10_4\">Sonstiges<\/label><\/li><\/ul><\/fieldset><\/div><div id=\"wpforms-499-field_11-container\" class=\"wpforms-field wpforms-field-checkbox wpforms-list-2-columns\" data-field-id=\"11\"><fieldset><legend class=\"wpforms-field-label\">geplantes Projekt (Mehrfachauswahl m\u00f6gl.)<\/legend><ul id=\"wpforms-499-field_11\"><li class=\"choice-1 depth-1\"><input type=\"checkbox\" id=\"wpforms-499-field_11_1\" name=\"wpforms[fields][11][]\" value=\"Neubau Einfamilienhaus\" aria-errormessage=\"wpforms-499-field_11_1-error\"  ><label class=\"wpforms-field-label-inline\" for=\"wpforms-499-field_11_1\">Neubau Einfamilienhaus<\/label><\/li><li class=\"choice-2 depth-1\"><input type=\"checkbox\" id=\"wpforms-499-field_11_2\" name=\"wpforms[fields][11][]\" value=\"Neubau Mehrfamilienhaus\" aria-errormessage=\"wpforms-499-field_11_2-error\"  ><label class=\"wpforms-field-label-inline\" for=\"wpforms-499-field_11_2\">Neubau Mehrfamilienhaus<\/label><\/li><li class=\"choice-3 depth-1\"><input type=\"checkbox\" id=\"wpforms-499-field_11_3\" name=\"wpforms[fields][11][]\" value=\"Neubau Anbau\" aria-errormessage=\"wpforms-499-field_11_3-error\"  ><label class=\"wpforms-field-label-inline\" for=\"wpforms-499-field_11_3\">Neubau Anbau<\/label><\/li><li class=\"choice-4 depth-1\"><input type=\"checkbox\" id=\"wpforms-499-field_11_4\" name=\"wpforms[fields][11][]\" value=\"Aufstockung, Dachausbau, Wohnraumerweiterung\" aria-errormessage=\"wpforms-499-field_11_4-error\"  ><label class=\"wpforms-field-label-inline\" for=\"wpforms-499-field_11_4\">Aufstockung, Dachausbau, Wohnraumerweiterung<\/label><\/li><li class=\"choice-5 depth-1\"><input type=\"checkbox\" id=\"wpforms-499-field_11_5\" name=\"wpforms[fields][11][]\" value=\"Carport, Wintergarten, Garage, Gartenhaus,, etc.\" aria-errormessage=\"wpforms-499-field_11_5-error\"  ><label class=\"wpforms-field-label-inline\" for=\"wpforms-499-field_11_5\">Carport, Wintergarten, Garage, Gartenhaus,, etc.<\/label><\/li><li class=\"choice-6 depth-1\"><input type=\"checkbox\" id=\"wpforms-499-field_11_6\" name=\"wpforms[fields][11][]\" value=\"Neubau Halle\" aria-errormessage=\"wpforms-499-field_11_6-error\"  ><label class=\"wpforms-field-label-inline\" for=\"wpforms-499-field_11_6\">Neubau Halle<\/label><\/li><li class=\"choice-7 depth-1\"><input type=\"checkbox\" id=\"wpforms-499-field_11_7\" name=\"wpforms[fields][11][]\" value=\"energetische Sanierung\" aria-errormessage=\"wpforms-499-field_11_7-error\"  ><label class=\"wpforms-field-label-inline\" for=\"wpforms-499-field_11_7\">energetische Sanierung<\/label><\/li><li class=\"choice-8 depth-1\"><input type=\"checkbox\" id=\"wpforms-499-field_11_8\" name=\"wpforms[fields][11][]\" value=\"Tragwerks\u00fcberpr\u00fcfung, Tragwerksert\u00fcchtigung\" aria-errormessage=\"wpforms-499-field_11_8-error\"  ><label class=\"wpforms-field-label-inline\" for=\"wpforms-499-field_11_8\">Tragwerks\u00fcberpr\u00fcfung, Tragwerksert\u00fcchtigung<\/label><\/li><li class=\"choice-9 depth-1\"><input type=\"checkbox\" id=\"wpforms-499-field_11_9\" name=\"wpforms[fields][11][]\" value=\"Sonstiges\" aria-errormessage=\"wpforms-499-field_11_9-error\"  ><label class=\"wpforms-field-label-inline\" for=\"wpforms-499-field_11_9\">Sonstiges<\/label><\/li><\/ul><\/fieldset><\/div><div id=\"wpforms-499-field_2-container\" class=\"wpforms-field wpforms-field-textarea\" data-field-id=\"2\"><label class=\"wpforms-field-label\" for=\"wpforms-499-field_2\">Nachricht<\/label><textarea id=\"wpforms-499-field_2\" class=\"wpforms-field-medium\" name=\"wpforms[fields][2]\" aria-errormessage=\"wpforms-499-field_2-error\" ><\/textarea><\/div><\/div><!-- .wpforms-field-container --><div class=\"wpforms-recaptcha-container wpforms-is-recaptcha wpforms-is-recaptcha-type-v2\" ><div class=\"g-recaptcha\" data-sitekey=\"6LcOERoqAAAAACk_Pt-o0V5EXABnals3lZ8Us5Ni\"><\/div><input type=\"text\" name=\"g-recaptcha-hidden\" class=\"wpforms-recaptcha-hidden\" style=\"position:absolute!important;clip:rect(0,0,0,0)!important;height:1px!important;width:1px!important;border:0!important;overflow:hidden!important;padding:0!important;margin:0!important;\" data-rule-recaptcha=\"1\"><\/div><div class=\"wpforms-submit-container\" ><input type=\"hidden\" name=\"wpforms[id]\" value=\"499\"><input type=\"hidden\" name=\"page_title\" value=\"\"><input type=\"hidden\" name=\"page_url\" value=\"https:\/\/mit-ing.eu\/index.php?rest_route=\/wp\/v2\/pages\/517\"><input type=\"hidden\" name=\"url_referer\" value=\"\"><button type=\"submit\" name=\"wpforms[submit]\" id=\"wpforms-submit-499\" class=\"wpforms-submit\" data-alt-text=\"Wird gesendet\u00a0\u2026\" data-submit-text=\"Absenden\" aria-live=\"assertive\" value=\"wpforms-submit\">Absenden<\/button><img loading=\"lazy\" decoding=\"async\" src=\"https:\/\/mit-ing.eu\/wp-content\/plugins\/wpforms-lite\/assets\/images\/submit-spin.svg\" class=\"wpforms-submit-spinner\" style=\"display: none;\" width=\"26\" height=\"26\" alt=\"Wird geladen\"><\/div><\/form><\/div>  <!-- .wpforms-container -->","protected":false},"excerpt":{"rendered":"","protected":false},"author":1,"featured_media":0,"parent":0,"menu_order":0,"comment_status":"closed","ping_status":"closed","template":"","meta":{"footnotes":""},"class_list":["post-517","page","type-page","status-publish","hentry"],"_links":{"self":[{"href":"https:\/\/mit-ing.eu\/index.php?rest_route=\/wp\/v2\/pages\/517","targetHints":{"allow":["GET"]}}],"collection":[{"href":"https:\/\/mit-ing.eu\/index.php?rest_route=\/wp\/v2\/pages"}],"about":[{"href":"https:\/\/mit-ing.eu\/index.php?rest_route=\/wp\/v2\/types\/page"}],"author":[{"embeddable":true,"href":"https:\/\/mit-ing.eu\/index.php?rest_route=\/wp\/v2\/users\/1"}],"replies":[{"embeddable":true,"href":"https:\/\/mit-ing.eu\/index.php?rest_route=%2Fwp%2Fv2%2Fcomments&post=517"}],"version-history":[{"count":2,"href":"https:\/\/mit-ing.eu\/index.php?rest_route=\/wp\/v2\/pages\/517\/revisions"}],"predecessor-version":[{"id":523,"href":"https:\/\/mit-ing.eu\/index.php?rest_route=\/wp\/v2\/pages\/517\/revisions\/523"}],"wp:attachment":[{"href":"https:\/\/mit-ing.eu\/index.php?rest_route=%2Fwp%2Fv2%2Fmedia&parent=517"}],"curies":[{"name":"wp","href":"https:\/\/api.w.org\/{rel}","templated":true}]}}